s 22822431641 composite?
False
Is 5082918913 a prime number?
False
Is 46828115899 prime?
True
Is 1598637389 prime?
True
Is 36406393 composite?
True
Is 447323062 prime?
False
Is 643615309 a prime number?
True
Is 2713342991 prime?
False
Is 2587058153 prime?
False
Is 9538273 prime?
False
Is 65452317269 a prime number?
True
Is 3101853389 a composite number?
False
Is 518425339 a prime number?
False
Is 44209957627 a composite number?
True
Is 15741673571 a composite number?
True
Is 4150795729 a composite number?
False
Is 280218833 prime?
True
Is 25016044961 a composite number?
False
Is 1908256039 prime?
True
Is 30637307489 composite?
True
Is 768186779 a composite number?
False
Is 816497173 a prime number?
False
Is 31577754761 prime?
False
Is 55791487 a prime number?
True
Is 249975053 composite?
True
Is 8777625257 a composite number?
True
Is 99449033107 a prime number?
False
Is 4333668539 prime?
True
Is 53359035823 prime?
True
Is 9556729951 a prime number?
True
Is 1713593881 a composite number?
False
Is 15625845863 prime?
False
Is 20593321681 a prime number?
False
Is 136273273177 a prime number?
True
Is 491041189 a prime number?
False
Is 1830397189 a prime number?
False
Is 618230167 composite?
True
Is 6520713497 prime?
True
Is 2952443083 composite?
True
Is 247282991 composite?
False
Is 922947811 prime?
False
Is 1374674113 composite?
False
Is 1267424771 prime?
True
Is 4016041426 prime?
False
Is 1469080777 composite?
False
Is 1256797627 a prime number?
False
Is 1042018 composite?
True
Is 106187384353 prime?
True
Is 1400583049 a prime number?
False
Is 4210837511 prime?
True
Is 746581063 prime?
True
Is 4728795061 a prime number?
False
Is 12238076237 a prime number?
False
Is 3671951681 prime?
True
Is 326693173 a composite number?
True
Is 977728867 a prime number?
True
Is 19352526023 composite?
True
Is 342290009 a prime number?
False
Is 917217857 composite?
False
Is 14195541379 a composite number?
True
Is 2166313453 prime?
True
Is 18004269581 a composite number?
False
Is 253818709 composite?
True
Is 11026273129 a prime number?
True
Is 20817319 prime?
True
Is 2672508841 prime?
True
Is 41464181287 composite?
False
Is 35630498053 composite?
False
Is 3349348273 a prime number?
False
Is 172208686787 prime?
False
Is 173138218051 a composite number?
True
Is 968170759 prime?
True
Is 21654196631 composite?
False
Is 8765301178 a prime number?
False
Is 839285543 a composite number?
False
Is 1216653623 prime?
True
Is 7748146841 a composite number?
True
Is 20526008999 prime?
False
Is 306134599 a prime number?
True
Is 6156071911 prime?
False
Is 12639701051 a prime number?
True
Is 15895144777 a composite number?
False
Is 7815919714 a composite number?
True
Is 1175665418 a composite number?
True
Is 8194676111 composite?
False
Is 1383505507 a composite number?
False
Is 22099260089 a composite number?
False
Is 127118921 a composite number?
True
Is 431846186 a prime number?
False
Is 58001097653 composite?
False
Is 35380199161 a prime number?
True
Is 627798953 prime?
False
Is 106189859051 prime?
False
Is 85429155309 a composite number?
True
Is 3541274237 a composite number?
False
Is 2936368741 a composite number?
True
Is 182408336111 a prime number?
True
Is 4052740199 a composite number?
True
Is 171632347 a prime number?
False
Is 261811867327 prime?
False
Is 182003148247 prime?
False
Is 4412468357 prime?
False
Is 1542467089 a composite number?
False
Is 227987743 composite?
False
Is 457008757 a composite number?
False
Is 274479979 prime?
True
Is 1251802379 a composite number?
True
Is 5561275729 prime?
True
Is 8055197 a composite number?
False
Is 35311961 prime?
True
Is 4183255913 a prime number?
False
Is 1070397259 composite?
False
Is 90668947247 a prime number?
False
Is 38850580159 composite?
False
Is 614689877 a composite number?
False
Is 121052330093 a prime number?
True
Is 184347618227 prime?
True
Is 1953087839 a composite number?
False
Is 17889135929 composite?
True
Is 63661720261 composite?
False
Is 1094344201 composite?
False
Is 76064897 prime?
True
Is 17947641721 a prime number?
True
Is 1004861089 prime?
True
Is 1851057127 a prime number?
False
Is 61172795 a composite number?
True
Is 36098090521 a prime number?
True
Is 13174639967 a composite number?
False
Is 8478706039 a prime number?
False
Is 22186803511 prime?
True
Is 1296480677 prime?
False
Is 2415641819 a prime number?
True
Is 2872300681 composite?
False
Is 64781539217 a prime number?
False
Is 3150990253 prime?
False
Is 6328971483 composite?
True
Is 100860202549 prime?
False
Is 7802956891 a prime number?
False
Is 469864561 a composite number?
True
Is 1003149551 a composite number?
True
Is 596344759 composite?
True
Is 21547215917 prime?
True
Is 23234259362 composite?
True
Is 19399201411 a prime number?
True
Is 1616446801 a composite number?
False
Is 11877633869 composite?
False
Is 48399501 a composite number?
True
Is 546392723 prime?
True
Is 31526478563 composite?
True
Is 1250548721 a prime number?
True
Is 256220827 prime?
False
Is 238909943099 composite?
False
Is 4717974587 a prime number?
True
Is 34803466 composite?
True
Is 40540057 a prime number?
False
Is 20078591581 composite?
False
Is 25220071883 a prime number?
True
Is 1359062717 composite?
False
Is 114281178503 a composite number?
True
Is 20256626231 prime?
False
Is 104183742527 a composite number?
False
Is 2402371399 composite?
True
Is 64013149 a composite number?
False
Is 208694418501 prime?
False
Is 45061017233 a prime number?
False
Is 1287820753 prime?
False
Is 148112219 a composite number?
False
Is 68198850341 a prime number?
False
Is 37700127887 a composite number?
False
Is 16140255941 a composite number?
False
Is 83497021 composite?
True
Is 15241807205 a prime number?
False
Is 2606479483 a composite number?
True
Is 122662217 a prime number?
True
Is 39348381243 composite?
True
Is 2016587701 composite?
False
Is 560660011 composite?
True
Is 27918212807 a composite number?
False
Is 20304830759 composite?
True
Is 5108082557 prime?
False
Is 2809276961 a composite number?
False
Is 506470537 prime?
False
Is 69699420019 a composite number?
True
Is 5969041511 prime?
True
Is 6702326737 a composite number?
False
Is 15362835067 prime?
True
Is 1691007203 prime?
False
Is 320033999 composite?
True
Is 11391395885 a composite number?
True
Is 1752967001 composite?
False
Is 1269456397 composite?
True
Is 1828229411 composite?
False
Is 42570248491 prime?
True
Is 274544512747 a composite number?
False
Is 211227977 a prime number?
True
Is 87658849 prime?
True
Is 134248148707 prime?
False
Is 1928479009 a composite number?
False
Is 24999662807 composite?
True
Is 33646472021 a composite number?
False
Is 7702751951 composite?
False
Is 247830367585 a prime number?
False
Is 136588429 a prime number?
False
Is 733065911 a composite number?
True
Is 1868363489 prime?
True
Is 1653625019 prime?
False
Is 1447390057 a composite number?
True
Is 81850451741 a composite number?
True
Is 291198473 composite?
True
Is 96727892509 prime?
False
Is 166595115821 prime?
True
Is 15419629653 a prime number?
False
Is 13138863707 a composite number?
False
Is 8577441193 prime?
False
Is 194861415673 prime?
False
Is 5820865103 a composite number?
True
Is 1374926669 a composite number?
True
Is 320391821 prime?
True
Is 5959381367 a composite number?
False
Is 436122287 prime?
False
Is 9047895341 composite?
False
Is 1048158187 composite?
True
Is 4607412257 prime?
False
Is 4381639091 a prime number?
True
Is 2161804889 composite?
False
Is 615796603 a composite number?
False
Is 2776996403 composite?
False
Is 168671374279 a prime number?
True
Is 5256038321 composite?
False
Is 2866057797 a prime number?
False
Is 5396311033 prime?
False
Is 11120553047 a composite number?
True
Is 339144189 a prime number?
False
Is 683671333 a prime number?
True
Is 18256890139 composite?
False
Is 17695394917 prime?
True
Is 13915728391 prime?
False
Is 12556451747 a prime number?
False
Is 5962081637 a prime number?
False
Is 1617224533 a prime number?
True
Is 33338292137 a composite number?
False
Is 928851467 a composite number?
True
Is 7158730907 a prime number?
True
Is 6929123885 a prime number?
False
Is 6601532087 a composite number?
True
Is 38309546185 prime?
False
Is 18723538489 prime?
False
Is 290493041723 composite?
True
Is 98